In base 3, what is -111010 + -1?
-111011
In base 13, what is -382 + 19?
-366
In base 7, what is -12 - 143?
-155
In base 3, what is 0 + -2121?
-2121
In base 9, what is -1 - -47?
46
In base 6, what is 210 + 11?
221
In base 9, what is -3 + 74?
71
In base 2, what is -1010010101 + 100?
-1010010001
In base 2, what is -100111 - 1011111?
-10000110
In base 13, what is -21 - 5?
-26
In base 14, what is -35 + 3?
-32
In base 5, what is -423 + -20?
-443
In base 9, what is 70 - 123?
-43
In base 10, what is 0 + 165?
165
In base 16, what is c + 51?
5d
In base 11, what is -58 - -202?
155
In base 4, what is 10 + 223001?
223011
In base 9, what is -74 + 2?
-72
In base 11, what is -18 + -4?
-21
In base 10, what is 339 - -44?
383
In base 11, what is -20 - -6?
-15
In base 13, what is 16a - 5?
165
In base 8, what is -7 - 431?
-440
In base 12, what is 5 + -112?
-109
In base 10, what is -8 + -26?
-34
In base 10, what is 0 + 151?
151
In base 15, what is -6 - -127?
121
In base 5, what is 1 - -3103?
3104
In base 2, what is -1000010111 + -100?
-1000011011
In base 10, what is 32 + 1?
33
In base 4, what is -11 + -311?
-322
In base 11, what is 349 + -2?
347
In base 10, what is 3 + -16?
-13
In base 14, what is -10 + -21?
-31
In base 16, what is -24a + -12?
-25c
In base 9, what is -2 + 142?
140
In base 15, what is -5 + -6c?
-72
In base 6, what is 4 + 40122?
40130
In base 3, what is 2 + -11001211?
-11001202
In base 6, what is 1350 - 2?
1344
In base 13, what is 1 + -8c?
-8b
In base 2, what is 1011 - -1011?
10110
In base 13, what is 29a - 4?
296
In base 15, what is -10 + -3?
-13
In base 4, what is -212 - 1300?
-2112
In base 7, what is -44 - 1303?
-1350
In base 12, what is 758 + 4?
760
In base 11, what is 203 + -3?
200
In base 10, what is 228 - -5?
233
In base 7, what is 132 - 26?
103
In base 7, what is -1 + -2?
-3
In base 3, what is -21 + -1?
-22
In base 5, what is -32 - 20?
-102
In base 10, what is 1 + -41?
-40
In base 6, what is 5 - 5?
0
In base 11, what is -5 - -144?
13a
In base 10, what is -48 - 2?
-50
In base 13, what is -2 + -bb?
-c0
In base 5, what is -1 - 331?
-332
In base 16, what is 0 - -508?
508
In base 10, what is -93 - -1?
-92
In base 11, what is 5 - -45a4?
45a9
In base 15, what is b - 2d?
-22
In base 3, what is -22210 + 111?
-22022
In base 6, what is -2 + -31?
-33
In base 16, what is -3 + e3?
e0
In base 11, what is 15a0a + -4?
15a06
In base 13, what is -2 - 54?
-56
In base 7, what is -515 + 0?
-515
In base 2, what is -1000010011100 + -10?
-1000010011110
In base 9, what is 216 + 4?
221
In base 9, what is -6 - 887?
-1004
In base 3, what is 120020 - 1?
120012
In base 5, what is 0 + 3044?
3044
In base 6, what is 501 - -5?
510
In base 2, what is -1000110011 - -10110?
-1000011101
In base 13, what is 5 - 38a?
-385
In base 5, what is 0 - 1341?
-1341
In base 3, what is -2 + -1112?
-1121
In base 12, what is -5 - b9b?
-ba4
In base 15, what is -9d - -1?
-9c
In base 15, what is -1397 - -4?
-1393
In base 4, what is 200113 + -1?
200112
In base 7, what is 42 - -41?
113
In base 2, what is 11100100 + 0?
11100100
In base 9, what is -2128 + 2?
-2126
In base 10, what is -5 + 46?
41
In base 2, what is -110111110 + -10111?
-111010101
In base 5, what is -4 - -3241?
3232
In base 15, what is 3 + -14?
-11
In base 5, what is 42 - 214?
-122
In base 16, what is -1ad5 + 1?
-1ad4
In base 14, what is 0 + 1d9?
1d9
In base 12, what is -228 + -4?
-230
In base 6, what is -203 + 1?
-202
In base 12, what is 3a75 + 0?
3a75
In base 13, what is 4 - -2a3?
2a7
In base 7, what is -100 + -4?
-104
In base 2, what is -101001100 - -1?
-101001011
In base 16, what is 2 + -12?
-10
In base 5, what is -400 + -2?
-402
In base 13, what is -1 - -89?
88
In base 4, what is 122 - -22?
210
In base 16, what is 5c8d + 4?
5c91
In base 9, what is -8 + 1643?
1634
In base 16, what is 1 + 16?
17
In base 8, what is 4724 + -4?
4720
In base 8, what is 31 - 11?
20
In base 10, what is -2 - 2463?
-2465
In base 6, what is 3 - -1050?
1053
In base 3, what is 11 + 1112?
1200
In base 5, what is 110142 - 3?
110134
In base 3, what is 210221 - -12?
211010
In base 2, what is 111001 - 1?
111000
In base 13, what is 2 - 39?
-37
In base 3, what is -11210101 - 12?
-11210120
In base 14, what is 5 + -65d?
-658
In base 7, what is 12 + -5?
4
In base 10, what is 1 - -602?
603
In base 5, what is 32 + -13024?
-12442
In base 10, what is -6 - 215?
-221
In base 16, what is -70 - 0?
-70
In base 16, what is 19cb - -4?
19cf
In base 14, what is -51 - -7?
-48
In base 11, what is 12 - -6?
18
In base 10, what is -6 + 10?
4
In base 3, what is -100 + 110?
10
In base 13, what is 16 - -18?
31
In base 6, what is -222 - 0?
-222
In base 5, what is 130 + -40?
40
In base 11, what is -4 + -302?
-306
In base 14, what is 123 + 3?
126
In base 7, what is 1151 - -14?
1165
In base 14, what is 1 + -739?
-738
In base 14, what is -4 + 2?
-2
In base 13, what is -128 - -26?
-102
In base 15, what is -e + 7e?
70
In base 10, what is 1378 - -5?
1383
In base 16, what is -119 - -17?
-102
In base 7, what is 0 + -432?
-432
In base 15, what is 12 - 0?
12
In base 14, what is -2d0 + -43?
-333
In base 12, what is 2 - 9a5?
-9a3
In base 14, what is c2 - 7?
b9
In base 16, what is -55 + -5?
-5a
In base 2, what is 101110011 + -1000?
101101011
In base 3, what is 0 + -1?
-1
In base 6, what is -3 + 242?
235
In base 7, what is -405 - 2?
-410
In base 13, what is -92 + -5?
-97
In base 4, what is 0 + -322033?
-322033
In base 12, what is -2644 - -7?
-2639
In base 5, what is -10001 + 1?
-10000
In base 12, what is 8 - -2b?
37
In base 12, what is -209 - 2?
-20b
In base 9, what is 14 - -82?
106
In base 6, what is -1332 + -2?
-1334
In base 5, what is 1033 + 2?
1040
In base 11, what is -5 + -66?
-70
In base 2, what is 1110000101 - -11?
1110001000
In base 14, what is -2 - 32a?
-32c
In base 5, what is -13 + 14?
1
In base 14, what is 22 + 308?
32a
In base 13, what is -230 + -5?
-235
In base 10, what is 0 - 75?
-75
In base 6, what is -115 + -4?
-123
In base 10, what is 70 - -4?
74
In base 6, what is -11524 - -2?
-11522
In base 14, what is -22 - -73?
51
In base 5, what is 2211 + -11?
2200
In base 6, what is 405322 - -3?
405325
In base 4, what is 1111 - 202?
303
In base 14, what is -b - 26?
-33
In base 15, what is 4 + -472?
-46d
In base 11, what is -178 + 2?
-176
In base 9, what is 5 - -54?
60
In base 9, what is -2 - -1017?
1015
In base 8, what is -1663 - 0?
-1663
In base 2, what is -1110110011101011 - -100?
-1110110011100111
In base 8, what is 5 + -1122?
-1115
In base 12, what is 319 + -18?
301
In base 3, what is 211201 - 10?
211121
In base 11, what is 3 + 61?
64
In base 3, what is 2 - -1102?
1111
In base 10, what is 63 - -58?
121
In base 15, what is 81 + c?
8d
In base 3, what is 12 + 221200?
221212
In base 16, what is 11b + -5?
116
In base 10, what is 42 + 5?
47
In base 10, what is 2 - -79?
81
In base 10, what is -5 - -1202?
1197
In base 9, what is 0 + 417?
417
In base 16, what is -4 + 12b?
127
In base 2, what is -1 - -1000101101?
1000101100
In base 14, what is 0 - 21?
-21
In base 13, what is 67 - 7?
60
In base 12, what is 75 - -21?
96
In base 2, what is 11011111000 + 1?
11011111001
In base 15, what is -290 - -1?
-28e
In base 13, what is 72 - 2?
70
In base 2, what is 101001100100 - 100?
101001100000
In base 15, what is -5a1 - -2?
-59e
In base 12, what is 2454 - 6?
244a
In base 16, what is -629 - -2?
-627
In base 3, what is 210 - 11020?
-10110
In base 6, what is -102111 + 1?
-102110
In base 15, what is -a8 - 1?
-a9
In base 2, what is 1110010 - 10?
1110000
In base 11, what is a + 20?
2a
In base 8, what is -21 - 753?
-774
In base 6, what is -105 + -3?
-112
In base 8, what is -1 + 77?
76
In base 9, what is 5 - 1578?
-1573
In base 4, what is 11 + -1232?
-1221
In base 12, what is -1 + -285?
-286
In base 8, what is -2 - 417?
-421
In base 13, what is -92 - 4?
-96
In base 4, what is 113 - -101?
220
In base 13, what is -46b - 1a?
-488
In base 5, what is 2 - 2240?
-2233
In base 9, what is 131 + -5?
125
In base 7, what is 5 - 331?
-323
In base 2, what is -110 - 1100001111?
-1100010101
In base 9, what is -341 - -7?
-333
In base 9, what is 5 - 11?
-5
In base 13, what is -1 + 2?
1
In base 13, what is -1 - -334?
333
In base 3, what is 10000012 - 0?
10000012
In base 9, what is 1253 - 0?
1253
In base 2, what is -111010100 + -110?
-1110110